4?
2, 179
List the prime factors of 6495.
3, 5, 433
What are the prime factors of 9698?
2, 13, 373
What are the prime factors of 5906?
2, 2953
What are the prime factors of 15109?
29, 521
What are the prime factors of 1099?
7, 157
What are the prime factors of 137698?
2, 11, 569
What are the prime factors of 5490?
2, 3, 5, 61
What are the prime factors of 1977?
3, 659
List the prime factors of 98406.
2, 3, 7, 11, 71
List the prime factors of 94.
2, 47
What are the prime factors of 3296?
2, 103
What are the prime factors of 1209?
3, 13, 31
List the prime factors of 188603.
188603
What are the prime factors of 762?
2, 3, 127
List the prime factors of 110.
2, 5, 11
List the prime factors of 6290.
2, 5, 17, 37
What are the prime factors of 10151?
10151
What are the prime factors of 10134?
2, 3, 563
List the prime factors of 601.
601
What are the prime factors of 1445?
5, 17
List the prime factors of 6882.
2, 3, 31, 37
List the prime factors of 65982.
2, 3, 7, 1571
What are the prime factors of 150?
2, 3, 5
List the prime factors of 3226.
2, 1613
What are the prime factors of 153143?
37, 4139
List the prime factors of 200.
2, 5
What are the prime factors of 83347?
11, 7577
List the prime factors of 4972.
2, 11, 113
What are the prime factors of 3679?
13, 283
List the prime factors of 21226.
2, 10613
What are the prime factors of 44153?
67, 659
List the prime factors of 436.
2, 109
What are the prime factors of 877?
877
What are the prime factors of 183?
3, 61
List the prime factors of 2395.
5, 479
What are the prime factors of 31998?
2, 3, 5333
What are the prime factors of 9218?
2, 11, 419
List the prime factors of 1221.
3, 11, 37
What are the prime factors of 44149?
7, 17, 53
List the prime factors of 178268.
2, 41, 1087
List the prime factors of 1659.
3, 7, 79
List the prime factors of 7151.
7151
What are the prime factors of 2715?
3, 5, 181
What are the prime factors of 35?
5, 7
What are the prime factors of 116505?
3, 5, 863
List the prime factors of 7923.
3, 19, 139
List the prime factors of 4610.
2, 5, 461
List the prime factors of 1476.
2, 3, 41
What are the prime factors of 48701?
31, 1571
List the prime factors of 674.
2, 337
What are the prime factors of 8789?
11, 17, 47
List the prime factors of 1490.
2, 5, 149
What are the prime factors of 15309?
3, 7
What are the prime factors of 11264?
2, 11
List the prime factors of 1956.
2, 3, 163
List the prime factors of 4613.
7, 659
List the prime factors of 17381.
7, 13, 191
What are the prime factors of 2633?
2633
What are the prime factors of 63099?
3, 19, 41
List the prime factors of 2307.
3, 769
List the prime factors of 2729.
2729
List the prime factors of 1038.
2, 3, 173
List the prime factors of 2239.
2239
List the prime factors of 961.
31
List the prime factors of 67619.
67619
List the prime factors of 8480.
2, 5, 53
What are the prime factors of 727?
727
List the prime factors of 1325.
5, 53
What are the prime factors of 898?
2, 449
What are the prime factors of 28227?
3, 97
List the prime factors of 7136.
2, 223
What are the prime factors of 89741?
43, 2087
List the prime factors of 1724.
2, 431
What are the prime factors of 1032?
2, 3, 43
What are the prime factors of 675?
3, 5
What are the prime factors of 6690?
2, 3, 5, 223
List the prime factors of 22355.
5, 17, 263
What are the prime factors of 25008?
2, 3, 521
What are the prime factors of 1940?
2, 5, 97
List the prime factors of 1292.
2, 17, 19
What are the prime factors of 891?
3, 11
What are the prime factors of 418?
2, 11, 19
What are the prime factors of 9432?
2, 3, 131
List the prime factors of 19768.
2, 7, 353
What are the prime factors of 311?
311
What are the prime factors of 38748?
2, 3, 3229
List the prime factors of 2996.
2, 7, 107
What are the prime factors of 995?
5, 199
List the prime factors of 3194.
2, 1597
What are the prime factors of 8593?
13, 661
List the prime factors of 154453.
13, 109
List the prime factors of 87661.
7, 1789
What are the prime factors of 8885?
5, 1777
What are the prime factors of 45575?
5, 1823
What are the prime factors of 75518?
2, 61, 619
What are the prime factors of 4038?
2, 3, 673
What are the prime factors of 26?
2, 13
List the prime factors of 23523.
3, 7841
What are the prime factors of 91?
7, 13
What are the prime factors of 30268?
2, 7, 23, 47
What are the prime factors of 147602?
2, 7, 13, 811
List the prime factors of 3332.
2, 7, 17
What are the prime factors of 44393?
103, 431
What are the prime factors of 63112?
2, 7, 23
List the prime factors of 1427.
1427
What are the prime factors of 1011?
3, 337
What are the prime factors of 5548?
2, 19, 73
What are the prime factors of 2312?
2, 17
List the prime factors of 12797.
67, 191
List the prime factors of 27541.
27541
List the prime factors of 603.
3, 67
What are the prime factors of 26940?
2, 3, 5, 449
List the prime factors of 27085.
5, 5417
List the prime factors of 10835.
5, 11, 197
List the prime factors of 6903.
3, 13, 59
List the prime factors of 2891.
7, 59
What are the prime factors of 5682?
2, 3, 947
List the prime factors of 1354.
2, 677
List the prime factors of 2435.
5, 487
List the prime factors of 2626.
2, 13, 101
What are the prime factors of 720?
2, 3, 5
List the prime factors of 2623.
43, 61
List the prime factors of 118.
2, 59
List the prime factors of 795.
3, 5, 53
List the prime factors of 14852.
2, 47, 79
What are the prime factors of 16150?
2, 5, 17, 19
What are the prime factors of 2021?
43, 47
List the prime factors of 2906.
2, 1453
What are the prime factors of 852?
2, 3, 71
List the prime factors of 1728.
2, 3
List the prime factors of 1040.
2, 5, 13
What are the prime factors of 2771?
17, 163
What are the prime factors of 5432?
2, 7, 97
What are the prime factors of 7412?
2, 17, 109
List the prime factors of 899.
29, 31
List the prime factors of 5397.
3, 7, 257
List the prime factors of 22.
2, 11
What are the prime factors of 89?
89
List the prime factors of 52256.
2, 23, 71
What are the prime factors of 1279?
1279
List the prime factors of 62319.
3, 20773
List the prime factors of 17716.
2, 43, 103
List the prime factors of 1147.
31, 37
What are the prime factors of 892?
2, 223
List the prime factors of 2024.
2, 11, 23
List the prime factors of 8472.
2, 3, 353
List the prime factors of 615.
3, 5, 41
List the prime factors of 9316.
2, 17, 137
What are the prime factors of 1398?
2, 3, 233
What are the prime factors of 2768?
2, 173
List the prime factors of 1540.
2, 5, 7, 11
What are the prime factors of 7792?
2, 487
What are the prime factors of 71?
71
What are the prime factors of 75615?
3, 5, 71
List the prime factors of 17985.
3, 5, 11, 109
What are the prime factors of 93516?
2, 3, 7793
List the prime factors of 230.
2, 5, 23
List the prime factors of 8648.
2, 23, 47
List the prime factors of 62300.
2, 5, 7, 89
What are the prime factors of 25733?
25733
List the prime factors of 1600.
2, 5
List the prime factors of 18654.
2, 3, 3109
What are the prime factors of 8493?
3, 19, 149
List the prime factors of 15038.
2, 73, 103
List the prime factors of 2224.
2, 139
List the prime factors of 10046.
2, 5023
What are the prime factors of 606?
2, 3, 101
List the prime factors of 336.
2, 3, 7
What are the prime factors of 12909?
3, 13, 331
What are the prime factors of 48341?
48341
List the prime factors of 86537.
11, 7867
What are the prime factors of 3222?
2, 3, 179
List the prime factors of 17686.
2, 37, 239
List the prime factors of 5926.
2, 2963
What are the prime factors of 998?
2, 499
List the prime factors of 16465.
5, 37, 89
List the prime factors of 1165.
5, 233
What are the prime factors of 14399?
7, 11, 17
List the prime factors of 6667.
59, 113
What are the prime factors of 572?
2, 11, 13
What are the prime factors of 142?
2, 71
What are the prime factors of 261?
3, 29
What are the prime factors of 389?
389
List the prime factors of 18289.
18289
What are the prime factors of 35176?
2, 4397
What are the prime factors of 305?
5, 61
What are the prime factors of 35387?
11, 3217
What are the prime factors of 5290?
2, 5, 23
List the prime factors of 12304.
2, 769
List the prime factors of 168601.
168601
List the prime factors of 21002.
2, 10501
List the prime factors of 98.
2, 7
List the prime